it of 200955?
9
What is the thousands digit of 4915496?
5
What is the thousands digit of 6204187?
4
What is the units digit of 103150?
0
What is the tens digit of 10989963?
6
What is the millions digit of 8774709?
8
What is the units digit of 913998?
8
What is the units digit of 5029606?
6
What is the hundreds digit of 144454?
4
What is the hundred thousands digit of 2936561?
9
What is the tens digit of 2812081?
8
What is the ten thousands digit of 9475847?
7
What is the ten thousands digit of 502743?
0
What is the thousands digit of 3673188?
3
What is the tens digit of 4393825?
2
What is the ten thousands digit of 1182328?
8
What is the thousands digit of 3772362?
2
What is the ten millions digit of 22430005?
2
What is the thousands digit of 3272859?
2
What is the hundred thousands digit of 685001?
6
What is the ten millions digit of 11677557?
1
What is the millions digit of 1271959?
1
What is the tens digit of 974444?
4
What is the units digit of 188152?
2
What is the ten thousands digit of 2843659?
4
What is the ten thousands digit of 414766?
1
What is the thousands digit of 66163?
6
What is the hundred thousands digit of 5512333?
5
What is the units digit of 133876?
6
What is the hundred thousands digit of 6926934?
9
What is the thousands digit of 3226205?
6
What is the hundreds digit of 19676470?
4
What is the ten thousands digit of 324463?
2
What is the thousands digit of 927861?
7
What is the ten thousands digit of 663617?
6
What is the units digit of 186386?
6
What is the units digit of 102876?
6
What is the hundreds digit of 63583?
5
What is the tens digit of 1037716?
1
What is the ten thousands digit of 30088?
3
What is the ten thousands digit of 20397672?
9
What is the thousands digit of 86837?
6
What is the millions digit of 2343524?
2
What is the hundred thousands digit of 11559637?
5
What is the ten thousands digit of 1528463?
2
What is the hundred thousands digit of 3765395?
7
What is the hundred thousands digit of 6755725?
7
What is the thousands digit of 2225940?
5
What is the units digit of 1495217?
7
What is the hundred thousands digit of 784125?
7
What is the ten thousands digit of 12162380?
6
What is the ten thousands digit of 1845611?
4
What is the hundreds digit of 60279?
2
What is the ten thousands digit of 146524?
4
What is the thousands digit of 879642?
9
What is the thousands digit of 2004900?
4
What is the hundreds digit of 13734375?
3
What is the ten thousands digit of 532746?
3
What is the tens digit of 820609?
0
What is the tens digit of 4762595?
9
What is the thousands digit of 1118582?
8
What is the thousands digit of 354448?
4
What is the thousands digit of 779372?
9
What is the units digit of 28975451?
1
What is the thousands digit of 1210872?
0
What is the millions digit of 1013874?
1
What is the tens digit of 309546?
4
What is the ten thousands digit of 1057337?
5
What is the units digit of 7609041?
1
What is the units digit of 6238467?
7
What is the ten thousands digit of 50241?
5
What is the ten thousands digit of 1091090?
9
What is the hundreds digit of 1144173?
1
What is the hundreds digit of 368520?
5
What is the hundred thousands digit of 296299?
2
What is the tens digit of 143243?
4
What is the hundreds digit of 129200?
2
What is the thousands digit of 4577641?
7
What is the tens digit of 1004308?
0
What is the hundred thousands digit of 1948446?
9
What is the hundreds digit of 266516?
5
What is the hundreds digit of 30750686?
6
What is the units digit of 4156664?
4
What is the ten thousands digit of 2456474?
5
What is the ten thousands digit of 64995?
6
What is the tens digit of 10150300?
0
What is the hundred thousands digit of 898598?
8
What is the millions digit of 2639010?
2
What is the tens digit of 1335913?
1
What is the ten millions digit of 22601785?
2
What is the thousands digit of 1906183?
6
What is the units digit of 2385519?
9
What is the units digit of 1851876?
6
What is the ten thousands digit of 252626?
5
What is the ten thousands digit of 7610056?
1
What is the ten thousands digit of 956463?
5
What is the ten thousands digit of 364445?
6
What is the units digit of 26?
6
What is the tens digit of 397723?
2
What is the ten thousands digit of 6041979?
4
What is the ten thousands digit of 18910275?
1
What is the units digit of 1932395?
5
What is the thousands digit of 136334?
6
What is the thousands digit of 11794555?
4
What is the millions digit of 16915995?
6
What is the tens digit of 106625?
2
What is the tens digit of 61823?
2
What is the units digit of 149384?
4
What is the thousands digit of 3644596?
4
What is the tens digit of 45308?
0
What is the millions digit of 13134251?
3
What is the thousands digit of 8227255?
7
What is the ten thousands digit of 862075?
6
What is the tens digit of 3565600?
0
What is the units digit of 9936979?
9
What is the units digit of 4907076?
6
What is the hundreds digit of 357731?
7
What is the ten thousands digit of 4913438?
1
What is the tens digit of 281864?
6
What is the hundred thousands digit of 274345?
2
What is the units digit of 5311046?
6
What is the hundred thousands digit of 4191121?
1
What is the ten thousands digit of 3722151?
2
What is the hundred thousands digit of 134883?
1
What is the thousands digit of 32224732?
4
What is the hundred thousands digit of 6449832?
4
What is the thousands digit of 3662288?
2
What is the thousands digit of 317337?
7
What is the thousands digit of 52526?
2
What is the units digit of 876188?
8
What is the tens digit of 77468?
6
What is the ten thousands digit of 571605?
7
What is the tens digit of 168604?
0
What is the thousands digit of 2595531?
5
What is the tens digit of 34599?
9
What is the thousands digit of 1028692?
8
What is the units digit of 11625855?
5
What is the hundred thousands digit of 15434059?
4
What is the tens digit of 7152827?
2
What is the tens digit of 68561?
6
What is the hundreds digit of 13342479?
4
What is the thousands digit of 11712089?
2
What is the tens digit of 11170493?
9
What is the hundred thousands digit of 1566637?
5
What is the thousands digit of 635757?
5
What is the hundred thousands digit of 441722?
4
What is the ten thousands digit of 810019?
1
What is the units digit of 235249?
9
What is the hundreds digit of 6923378?
3
What is the tens digit of 1372875?
7
What is the hundred thousands digit of 18096869?
0
What is the units digit of 224774?
4
What is the hundred thousands digit of 959885?
9
What is the tens digit of 310257?
5
What is the millions digit of 1115021?
1
What is the units digit of 28933924?
4
What is the ten thousands digit of 25876025?
7
What is the hundred thousands digit of 173850?
1
What is the hundreds digit of 95538?
5
What is the units digit of 30988493?
3
What is the hundred thousands digit of 42697439?
6
What is the tens digit of 6553276?
7
What is the tens digit of 1117217?
1
What is the hundred thousands digit of 16308186?
3
What is the tens digit of 183603?
0
What is the tens digit of 138651?
5
What is the ten thousands digit of 5475670?
7
What is the ten thousands digit of 153184?
5
What is the tens digit of 286903?
0
What is the thousands digit of 553658?
3
What is the tens digit of 590552?
5
What is the units digit of 793380?
0
What is the units digit of 115352?
2
What is the hundreds digit of 7190657?
6
What is the ten thousands digit of 194828?
9
What is the thousands digit of 9876761?
6
What is the hundred thousands digit of 2545398?
5
What is the hundred thousands digit of 1657963?
6
What is the thousands digit of 2498205?
8
What is the hundred thousands digit of 21653421?
6
What is the ten thousands digit of 1417642?
1
What is the units digit of 1431322?
2
What is the ten thousands digit of 303271?
0
What is the hundreds digit of 160443?
4
What is the hundred thousands digit of 2804166?
8
What is the hundreds digit of 23754384?
3
What is the ten thousands digit of 434895?
3
What is the hundred thousands digit of 2332552?
3
What is the thousands digit of 199483?
9
What is the hundred thousands digit of 1053937?
0
What is the thousands digit of 1214586?
4
What is the millions digit of 2084615?
2
What is the ten thousands digit of 180089?
8
What is the thousands digit of 6654578?
4
What is the ten thousands digit of 536970?
3
What 